
Is 1835644607 composite?
False
Is 49845562639 composite?
False
Is 81223209559 a composite number?
False
Is 67829372869 a prime number?
True
Is 37021354229 composite?
True
Is 3243972001 composite?
True
Is 22447985045 a composite number?
True
Is 36112079 a composite number?
False
Is 32149705691 a composite number?
True
Is 1478851867 prime?
True
Is 886736863 prime?
False
Is 379323137 a prime number?
True
Is 1208841949 composite?
True
Is 253673035409 a composite number?
True
Is 1565546447 composite?
True
Is 40770378899 a prime number?
True
Is 2494048057 a prime number?
True
Is 4763383787 a composite number?
False
Is 219007723 prime?
False
Is 3781768651 a composite number?
False
Is 8433145223 prime?
True
Is 142497309 composite?
True
Is 2090294581 a composite number?
True
Is 123768328753 a composite number?
False
Is 3852856849 composite?
False
Is 14560483573 a composite number?
True
Is 57259171063 prime?
False
Is 1206491761 composite?
False
Is 532603919 prime?
True
Is 4531030957 composite?
False
Is 1354554293 prime?
False
Is 241631208757 a composite number?
False
Is 21546267271 prime?
True
Is 28041787429 a prime number?
True
Is 959543701 composite?
False
Is 1710422239 prime?
True
Is 9378247423 prime?
True
Is 4191777341 a composite number?
False
Is 8978371343 a composite number?
True
Is 746275511 composite?
False
Is 160246591 composite?
False
Is 76296167 prime?
True
Is 553068485 a composite number?
True
Is 21852057853 prime?
True
Is 7968819889 a composite number?
False
Is 17608062509 prime?
True
Is 34996970917 prime?
True
Is 10137788549 composite?
True
Is 1114604683 a prime number?
False
Is 27618966763 composite?
False
Is 142151861 a prime number?
False
Is 4589287393 a composite number?
False
Is 27532699437 prime?
False
Is 14315636053 a prime number?
True
Is 1914106319 composite?
True
Is 906453571 composite?
True
Is 6471198703 a prime number?
False
Is 158306371447 a prime number?
False
Is 539707499 prime?
False
Is 2266371209 a prime number?
True
Is 40025346503 a composite number?
False
Is 272271059 composite?
False
Is 290691946 a composite number?
True
Is 38450808017 a prime number?
True
Is 828007363 prime?
False
Is 47714285687 prime?
False
Is 51923183087 prime?
False
Is 71935013 prime?
True
Is 436705039 a prime number?
False
Is 3425211089 a composite number?
True
Is 5871659 composite?
True
Is 10438912331 composite?
False
Is 7330040103 a prime number?
False
Is 134665313 composite?
True
Is 3171634391 prime?
True
Is 500386559 composite?
False
Is 124888661 prime?
False
Is 4808749327 a prime number?
True
Is 4538169563 composite?
True
Is 4723958311 composite?
False
Is 578495369 a composite number?
False
Is 289070423 a prime number?
True
Is 54648469 prime?
True
Is 4493649877 a prime number?
False
Is 37903163 composite?
True
Is 1994062601 prime?
True
Is 1601694979 a prime number?
True
Is 220006769 composite?
True
Is 7331070407 prime?
True
Is 74923843 prime?
True
Is 3586612039 composite?
False
Is 2756104369 a prime number?
False
Is 3174519035 prime?
False
Is 3466626923 a prime number?
True
Is 164214065987 a prime number?
False
Is 181251143 a prime number?
False
Is 101978191 composite?
True
Is 9331024322 a composite number?
True
Is 5662962967 a composite number?
False
Is 945885587 a prime number?
True
Is 14939370833 a prime number?
True
Is 5719396807 composite?
True
Is 34261537 prime?
False
Is 6246796813 composite?
False
Is 5307692471 a prime number?
True
Is 2301842593 composite?
True
Is 64637208901 a prime number?
False
Is 990350237 a composite number?
True
Is 2479598909 a composite number?
True
Is 150417587 prime?
True
Is 7028242631 a composite number?
False
Is 276478259 a prime number?
False
Is 39342506197 prime?
True
Is 5027685503 a composite number?
False
Is 30908466983 prime?
True
Is 251576583 composite?
True
Is 1413954709 prime?
True
Is 13019069337 composite?
True
Is 7603096577 a composite number?
False
Is 29610376897 composite?
True
Is 953912951 composite?
True
Is 20405653669 a prime number?
True
Is 13044602215 a prime number?
False
Is 4085897363 a prime number?
True
Is 6179711641 a prime number?
True
Is 538824257 a composite number?
False
Is 16259491 prime?
True
Is 21083593327 composite?
False
Is 5710090661 composite?
True
Is 627613367 prime?
False
Is 35946184129 prime?
False
Is 506444759 a prime number?
False
Is 17221137697 a prime number?
True
Is 622624823 a prime number?
True
Is 6391157 a prime number?
True
Is 2057936317 a composite number?
False
Is 31347163 prime?
False
Is 2742504679 a prime number?
False
Is 3891683723 prime?
True
Is 82752331 a composite number?
False
Is 306745591 a composite number?
False
Is 16414923211 prime?
True
Is 188775557 a composite number?
False
Is 598461427 a prime number?
True
Is 2553309266 prime?
False
Is 6226603219 composite?
True
Is 1428515419 a prime number?
False
Is 2051071523 prime?
True
Is 1014202243 a composite number?
True
Is 4627236277 composite?
False
Is 350369561833 composite?
False
Is 367639390033 prime?
True
Is 789448679 a composite number?
True
Is 97866653707 composite?
False
Is 483343498371 a composite number?
True
Is 529833743 composite?
False
Is 130613827661 a composite number?
True
Is 671939753 composite?
False
Is 2025033667 composite?
False
Is 264369697 composite?
False
Is 216278196913 composite?
False
Is 621687061 prime?
False
Is 39124764697 a composite number?
True
Is 35683147021 a prime number?
True
Is 8462201819 a prime number?
True
Is 35248019519 composite?
False
Is 1834845091 a composite number?
True
Is 210442447 prime?
True
Is 5813053643 composite?
True
Is 11068817629 prime?
True
Is 7903104233 composite?
True
Is 14117561513 prime?
False
Is 968570363 composite?
False
Is 813841991 composite?
True
Is 5066790167 a prime number?
True
Is 159702223601 prime?
True
Is 456798253 composite?
False
Is 19017886229 prime?
True
Is 1367629501 prime?
False
Is 566306821 a prime number?
True
Is 5650497395 composite?
True
Is 2826266411 a composite number?
False
Is 58401294223 composite?
True
Is 11331000559 composite?
True
Is 133812741703 a composite number?
False
Is 64608939947 composite?
False
Is 366018263 composite?
True
Is 4420923607 composite?
False
Is 497158037 prime?
True
Is 20448468457 a composite number?
False
Is 12410799473 composite?
False
Is 22664309741 composite?
False
Is 14662003415 a composite number?
True
Is 285103067 composite?
True
Is 715513529 a composite number?
False
Is 19111430323 a prime number?
True
Is 18517577513 a composite number?
False
Is 23282431817 a prime number?
True
Is 233462837 a prime number?
True
Is 16496543653 a composite number?
False
Is 1471376857 a prime number?
False
Is 1890749803 a prime number?
False
Is 781609843 a prime number?
False
Is 31173236683 composite?
False
Is 2099702063 a composite number?
True
Is 9163528809 a composite number?
True
Is 3431277287 composite?
True
Is 1056440929 a prime number?
True
Is 1923686873 a composite number?
False
Is 5715913139 prime?
True
Is 1148524907 a prime number?
True
Is 1681423519 composite?
False
Is 99288643 composite?
False
Is 13151319101 a composite number?
False
Is 23831097067 a composite number?
True
Is 537626809 prime?
False
Is 21903002531 composite?
False
Is 4284197317 a composite number?
True
Is 63377531695 a composite number?
True
Is 734740927 composite?
False
Is 2508154043 a prime number?
True
Is 5396336601 composite?
True
Is 106971257513 a composite number?
False
Is 2193138799 a prime number?
False
Is 370673257 a prime number?
False
Is 46927287853 a prime number?
True
Is 90791887 composite?
False
Is 91803095299 a composite number?
False
Is 8252197663 a prime number?
False
Is 1583850461 a composite number?
True
Is 30638183 a composite number?
True
Is 3330675169 a composite number?
False
Is 204522680543 a composite number?
False
Is 2194209569 a prime number?
False
Is 537265609 prime?
True
Is 576512263 composite?
False
Is 2274065257 a prime number?
True
Is 28594375823 a composite number?
True
Is 612998419 a prime number?
False
Is 78593324239 a prime number?
True
Is 19683557963 prime?
False
Is 22781751389 a prime number?
False
Is 489906091 a composite number?
True
Is 16385431277 a composite number?
False
Is 4096475497 a prime number?
False
Is 2789343449 prime?
False
Is 3461098621 a prime number?
False
Is 850102147 a comp